78 is divided by 146.
140
What is the remainder when 1763 is divided by 57?
53
Calculate the remainder when 1117 is divided by 96.
61
What is the remainder when 57 is divided by 22?
13
Calculate the remainder when 799 is divided by 40.
39
What is the remainder when 1173 is divided by 115?
23
What is the remainder when 1920 is divided by 37?
33
Calculate the remainder when 601 is divided by 46.
3
Calculate the remainder when 507 is divided by 182.
143
What is the remainder when 90 is divided by 51?
39
What is the remainder when 188 is divided by 98?
90
Calculate the remainder when 1293 is divided by 1282.
11
Calculate the remainder when 1403 is divided by 36.
35
Calculate the remainder when 465 is divided by 69.
51
What is the remainder when 445 is divided by 206?
33
What is the remainder when 2750 is divided by 549?
5
What is the remainder when 430 is divided by 8?
6
What is the remainder when 6169 is divided by 121?
119
Calculate the remainder when 1690 is divided by 4.
2
Calculate the remainder when 1527 is divided by 745.
37
Calculate the remainder when 758 is divided by 19.
17
Calculate the remainder when 1937 is divided by 97.
94
Calculate the remainder when 955 is divided by 26.
19
Calculate the remainder when 181 is divided by 57.
10
Calculate the remainder when 69 is divided by 9.
6
What is the remainder when 18849 is divided by 26?
25
What is the remainder when 80 is divided by 36?
8
Calculate the remainder when 369 is divided by 31.
28
Calculate the remainder when 905 is divided by 179.
10
What is the remainder when 925 is divided by 58?
55
Calculate the remainder when 38 is divided by 33.
5
Calculate the remainder when 11014 is divided by 108.
106
What is the remainder when 227 is divided by 24?
11
Calculate the remainder when 814 is divided by 134.
10
Calculate the remainder when 708 is divided by 175.
8
What is the remainder when 153 is divided by 53?
47
What is the remainder when 7333 is divided by 131?
128
Calculate the remainder when 3922 is divided by 109.
107
Calculate the remainder when 117 is divided by 15.
12
Calculate the remainder when 350 is divided by 116.
2
Calculate the remainder when 8356 is divided by 380.
376
Calculate the remainder when 12 is divided by 6.
0
What is the remainder when 219 is divided by 156?
63
Calculate the remainder when 765 is divided by 110.
105
Calculate the remainder when 1795 is divided by 597.
4
What is the remainder when 441 is divided by 46?
27
Calculate the remainder when 227 is divided by 35.
17
What is the remainder when 25 is divided by 8?
1
Calculate the remainder when 1222 is divided by 83.
60
What is the remainder when 220 is divided by 9?
4
What is the remainder when 342 is divided by 89?
75
What is the remainder when 375 is divided by 120?
15
What is the remainder when 112 is divided by 24?
16
Calculate the remainder when 20 is divided by 6.
2
What is the remainder when 1164 is divided by 164?
16
What is the remainder when 1242 is divided by 182?
150
What is the remainder when 164 is divided by 159?
5
Calculate the remainder when 86 is divided by 23.
17
What is the remainder when 20662 is divided by 246?
244
What is the remainder when 431 is divided by 14?
11
What is the remainder when 75 is divided by 26?
23
What is the remainder when 1224 is divided by 5?
4
Calculate the remainder when 94 is divided by 17.
9
What is the remainder when 187 is divided by 39?
31
What is the remainder when 38 is divided by 8?
6
What is the remainder when 2823 is divided by 489?
378
What is the remainder when 139 is divided by 14?
13
What is the remainder when 103 is divided by 28?
19
What is the remainder when 61 is divided by 8?
5
Calculate the remainder when 1047 is divided by 14.
11
What is the remainder when 1696 is divided by 81?
76
What is the remainder when 87 is divided by 15?
12
Calculate the remainder when 674 is divided by 40.
34
What is the remainder when 21708 is divided by 43?
36
Calculate the remainder when 484 is divided by 473.
11
What is the remainder when 437 is divided by 55?
52
What is the remainder when 6478 is divided by 30?
28
What is the remainder when 1056 is divided by 106?
102
Calculate the remainder when 220 is divided by 13.
12
What is the remainder when 227 is divided by 40?
27
What is the remainder when 769 is divided by 250?
19
Calculate the remainder when 144 is divided by 142.
2
Calculate the remainder when 34 is divided by 6.
4
Calculate the remainder when 73 is divided by 34.
5
What is the remainder when 226 is divided by 18?
10
Calculate the remainder when 126 is divided by 28.
14
What is the remainder when 314 is divided by 93?
35
Calculate the remainder when 165 is divided by 156.
9
Calculate the remainder when 165 is divided by 78.
9
Calculate the remainder when 940 is divided by 161.
135
What is the remainder when 7090 is divided by 26?
18
Calculate the remainder when 60 is divided by 26.
8
Calculate the remainder when 144 is divided by 2.
0
Calculate the remainder when 253 is divided by 55.
33
What is the remainder when 982 is divided by 76?
70
Calculate the remainder when 504 is divided by 71.
7
What is the remainder when 2375 is divided by 183?
179
Calculate the remainder when 242 is divided by 82.
78
Calculate the remainder when 54 is divided by 32.
22
Calculate the remainder when 59 is divided by 31.
28
Calculate the remainder when 60 is divided by 31.
29
What is the remainder when 3855 is divided by 1285?
0
What is the remainder when 213 is divided by 24?
21
Calculate the remainder when 544 is divided by 183.
178
What is the remainder when 321 is divided by 147?
27
Calculate the remainder when 44 is divided by 32.
12
What is the remainder when 467 is divided by 26?
25
What is the remainder when 165 is divided by 14?
11
Calculate the remainder when 1595 is divided by 7.
6
What is the remainder when 2227 is divided by 4?
3
What is the remainder when 676 is divided by 214?
34
What is the remainder when 13918 is divided by 48?
46
Calculate the remainder when 102 is divided by 32.
6
What is the remainder when 800 is divided by 113?
9
What is the remainder when 3056 is divided by 12?
8
Calculate the remainder when 949 is divided by 53.
48
Calculate the remainder when 117 is divided by 19.
3
Calculate the remainder when 44 is divided by 18.
8
What is the remainder when 1769 is divided by 23?
21
What is the remainder when 607 is divided by 10?
7
Calculate the remainder when 153 is divided by 19.
1
What is the remainder when 426 is divided by 12?
6
What is the remainder when 867 is divided by 125?
117
What is the remainder when 200 is divided by 95?
10
What is the remainder when 384 is divided by 17?
10
What is the remainder when 13 is divided by 13?
0
Calculate the remainder when 461 is divided by 33.
32
What is the remainder when 762 is divided by 377?
8
Calculate the remainder when 112 is divided by 17.
10
What is the remainder when 2226 is divided by 101?
4
What is the remainder when 38 is divided by 6?
2
What is the remainder when 188 is divided by 66?
56
Calculate the remainder when 95 is divided by 20.
15
What is the remainder when 1577 is divided by 729?
119
Calculate the remainder when 1924 is divided by 100.
24
What is the remainder when 148 is divided by 61?
26
Calculate the remainder when 345 is divided by 83.
13
What is the remainder when 1496 is divided by 60?
56
What is the remainder when 8922 is divided by 175?
172
Calculate the remainder when 2582 is divided by 76.
74
Calculate the remainder when 1 is divided by 1.
0
What is the remainder when 1729 is divided by 191?
10
Calculate the remainder when 118 is divided by 52.
14
What is the remainder when 2454 is divided by 27?
24
What is the remainder when 1002 is divided by 334?
0
Calculate the remainder when 1273 is divided by 7.
6
What is the remainder when 815 is divided by 117?
113
What is the remainder when 147 is divided by 119?
28
Calculate the remainder when 8784 is divided by 29.
26
Calculate the remainder when 1687 is divided by 29.
5
Calculate the remainder when 1158 is divided by 5.
3
Calculate the remainder when 1979 is divided by 36.
35
What is the remainder when 381 is divided by 78?
69
What is the remainder when 52 is divided by 20?
12
Calculate the remainder when 73 is divid